of 3002?
False
Does 1020 divide 528479272?
False
Is 14872256 a multiple of 5222?
True
Is 2060 a factor of 54203533?
False
Is 283405295 a multiple of 547?
False
Is 5 a factor of 1077672770?
True
Does 1841 divide 286409707?
False
Does 37 divide 1812767936?
True
Is 31998578 a multiple of 15?
False
Does 64 divide 38980352?
True
Is 207 a factor of 174382414?
False
Does 95 divide 32009757?
False
Does 1250 divide 97806250?
True
Is 1334018107 a multiple of 24?
False
Is 90438591 a multiple of 10?
False
Is 12 a factor of 39310841?
False
Is 257 a factor of 121952668?
True
Does 986 divide 561578804?
False
Does 65 divide 2485998125?
True
Does 11 divide 73437397?
True
Is 3012 a factor of 258438636?
True
Is 4370 a factor of 1645616969?
False
Is 16794900 a multiple of 18?
True
Is 1735955 a multiple of 17?
True
Does 102 divide 274970274?
True
Is 177022853 a multiple of 617?
True
Is 815365284 a multiple of 24?
False
Is 398680789 a multiple of 887?
False
Does 52 divide 31034924?
False
Does 4 divide 29991366?
False
Is 263 a factor of 190205019?
True
Is 8 a factor of 112829296?
True
Is 98117750 a multiple of 250?
True
Is 476207934 a multiple of 41?
False
Is 5029 a factor of 893839914?
False
Does 1153 divide 453926332?
False
Is 41206284 a multiple of 126?
True
Is 5295787 even?
False
Does 16 divide 673149346?
False
Does 20 divide 138334936?
False
Is 471 a factor of 5308641?
True
Is 53 a factor of 1070510430?
True
Is 133 a factor of 842433?
False
Is 109 a factor of 1750976?
True
Is 677140095 a multiple of 13?
False
Does 72 divide 195907176?
True
Is 66 a factor of 20588962?
False
Does 23 divide 21515488?
True
Is 447 a factor of 211880682?
True
Does 335 divide 692913606?
False
Is 5 a factor of 73113454?
False
Is 16 a factor of 371520009?
False
Does 463 divide 3833798?
False
Does 109 divide 547125282?
True
Is 215427736 a multiple of 67?
False
Is 38840775 a multiple of 1469?
False
Is 18740912 a multiple of 44?
False
Is 4486032 a multiple of 18?
True
Is 14457604 a multiple of 14?
True
Does 658 divide 64343110?
False
Is 10770720 a multiple of 12?
True
Is 377025362 a multiple of 22?
False
Is 580596446 a multiple of 10?
False
Does 133 divide 2707807?
False
Is 763315196 a multiple of 532?
True
Does 1035 divide 11948060?
False
Is 2508 a factor of 2509587564?
True
Does 9 divide 1809725841?
True
Does 49 divide 89179706?
True
Does 164 divide 130697012?
True
Is 15 a factor of 56638200?
True
Is 2180864994 a multiple of 275?
False
Does 510 divide 39180240?
True
Is 44 a factor of 4912004?
False
Is 85179851 a multiple of 888?
False
Does 7 divide 179155711?
True
Does 287 divide 167314399?
True
Is 2475 a factor of 2072045250?
True
Is 147 a factor of 1839569319?
True
Is 85009860 a multiple of 234?
True
Is 306184503 a multiple of 1040?
False
Does 2993 divide 2168036417?
True
Is 7921 a factor of 233487317?
True
Is 222 a factor of 255700932?
True
Is 85 a factor of 22612041?
False
Is 397111588 a multiple of 454?
False
Does 858 divide 589362774?
True
Is 307741279 a multiple of 61?
True
Does 4802 divide 416779986?
True
Does 16 divide 602594992?
True
Does 1433 divide 56422802?
False
Does 1086 divide 71173971?
False
Does 256 divide 1684423116?
False
Does 4573 divide 2495059699?
False
Does 65 divide 16810560?
True
Is 56978428 a multiple of 116?
False
Is 386503392 a multiple of 113?
True
Is 264 a factor of 813278017?
False
Is 45 a factor of 41738940?
True
Does 3162 divide 1280837664?
True
Is 58 a factor of 300088875?
False
Is 5369373 a multiple of 23?
True
Is 451247184 a multiple of 272?
True
Is 7 a factor of 21111038?
False
Is 231237480 a multiple of 202?
True
Is 2582731179 a multiple of 217?
True
Is 908 a factor of 187134260?
True
Is 17 a factor of 309440494?
True
Is 7 a factor of 31709601?
True
Is 18 a factor of 1182939893?
False
Is 51530297 a multiple of 43?
True
Does 43 divide 176363917?
False
Is 8868300 a multiple of 134?
False
Is 334789256 a multiple of 1871?
True
Is 22309771 a multiple of 11?
True
Is 40530805 a multiple of 5?
True
Is 89 a factor of 32286706?
False
Does 1002 divide 27061733?
False
Is 590919 a multiple of 133?
True
Is 15 a factor of 105433044?
False
Does 103 divide 147806313?
False
Is 2041850 a multiple of 2425?
True
Is 13 a factor of 1107449776?
False
Is 3648469 a multiple of 47?
True
Is 3587 a factor of 4239834?
True
Does 242 divide 17351642?
True
Is 6 a factor of 24241122?
True
Does 165 divide 724337119?
False
Is 3326149045 a multiple of 16?
False
Does 62 divide 14809196?
True
Does 85 divide 1681025239?
False
Is 10256 a factor of 1999549718?
False
Is 8 a factor of 22766400?
True
Does 215 divide 36562153?
False
Is 326899201 a multiple of 84?
False
Does 3 divide 3331668?
True
Does 586 divide 5589453876?
False
Is 339 a factor of 1223255260?
False
Is 439710878 a multiple of 55?
False
Is 163 a factor of 178971092?
False
Does 3398 divide 32056732?
True
Is 9 a factor of 42610?
False
Is 385 a factor of 54694919?
False
Is 170633256 a multiple of 20?
False
Is 62 a factor of 4643862?
True
Is 193455322 a multiple of 14?
False
Does 303 divide 457247301?
True
Does 47 divide 422162225?
True
Does 604 divide 6652210776?
True
Is 96 a factor of 85275830?
False
Is 231535480 a multiple of 20?
True
Is 964 a factor of 1993186644?
True
Is 10 a factor of 194724395?
False
Does 69 divide 16803915?
True
Does 885 divide 171862575?
True
Does 197 divide 36769656?
True
Is 29190580 a multiple of 49?
False
Does 1075 divide 827925225?
True
Does 101 divide 711681956?
True
Does 6 divide 12631344?
True
Is 16593330 a multiple of 5?
True
Does 126 divide 64551465?
False
Does 36 divide 506613816?
True
Is 7 a factor of 5177802?
True
Is 11 a factor of 793147201?
True
Is 228 a factor of 11670702?
False
Does 4 divide 99407659?
False
Does 33 divide 284204706?
False
Is 30584017 a multiple of 40?
False
Is 117884360 a multiple of 190?
True
Is 228 a factor of 198939029?
False
Does 3894 divide 6435824076?
True
Does 161 divide 4117825675?
False
Is 121 a factor of 38359057?
True
Is 1103807754 a multiple of 64?
False
Is 571 a factor of 41124741?
False
Does 4461 divide 213988186?
False
Does 2 divide 249680626?
True
Is 55 a factor of 343822930?
True
Does 113 divide 17437934?
True
Is 8662815 a multiple of 267?
True
Is 94 a factor of 257870855?
False
Does 13 divide 163529356?
False
Does 3 divide 42535932?
True
Is 11796658 a multiple of 70?
False
Is 34429906 a multiple of 14?
True
Is 426601120 a multiple of 407?
True
Is 657308604 a multiple of 204?
True
Does 15 divide 67557297?
False
Does 434 divide 2218608?
True
Is 9 a factor of 169997265?
True
Is 1644595368 a multiple of 21?
False
Is 1318 a factor of 131968704?
True
Does 101 divide 14347125?
False
Does 923 divide 55735355?
True
Does 77 divide 190420230?
True
Is 17 a factor of 46068351?
True
Does 797 divide 14711104?
False
Is 13036227 a multiple of 200?
False
Does 29 divide 383791538?
False
Is 337090023 a multiple of 4311?
True
Is 554615369 a multiple of 2303?
True
Does 118 divide 880247771?
False
Is 13 a factor of 87717591?
True
Does 8 divide 2349232?
True
Is 12712362 a multiple of 11?
False
Does 9 divide 25020604?
False
Is 9 a factor of 9895353?
False
Does 226 divide 1161923?
False
Does 3 divide 7208039?
False
Is 4619185 a multiple of 48?
False
Does 340 divide 113204700?
True
Is 3 a factor of 61007880?
True
Does 178 divide 42158751?
False
Does 99 divide 11958408?
True
Does 1605 divide 204630280?
False
Is 93 a factor of 486500295?
False
Is 643 a factor of 61761766?
False
Is 215 a factor of 2280546234?
False
Is 253 a factor of 3496624?
False
Does 147 divide 1146330255?
True
Does 763 divide 121179660?
True
Is 68527552 a multiple of 296?
True
Is 827 a factor of 13992765?
False
Is 1094157504 a multiple of 121?
True
Is 1353789824 a multiple of 656?
True
Is 246 a factor of 22274923?
False
Is 2741 a factor of 356647956?
True
Is 2580025 a multiple of 35?
True
Is 20905901 a multiple of 138?
False
Does 68 divide 739664288?
True
Is 73420248 a multiple of 538?
False
Is 27 a factor of 14299497?
True
Is 36796620 a multiple of 2218?
True
Is 166025340 a multiple of 156?
True
Does 3349 divide 49370958?
True
Does 12 divide 1984389104?
False
Is 208657610 a multiple of 322?
True
Does 7 divide 1072589?
True
Is 21515016 a multiple of 2199?
True
Is 583166138 a multiple of 1747?
False
Is 4987422 a